by 221?
219
Calculate the remainder when 332 is divided by 67.
64
Calculate the remainder when 318 is divided by 58.
28
What is the remainder when 8586 is divided by 1716?
6
What is the remainder when 2344 is divided by 3?
1
What is the remainder when 1885 is divided by 941?
3
What is the remainder when 84 is divided by 25?
9
What is the remainder when 62 is divided by 7?
6
What is the remainder when 165 is divided by 6?
3
Calculate the remainder when 373 is divided by 47.
44
What is the remainder when 259 is divided by 25?
9
What is the remainder when 524 is divided by 66?
62
Calculate the remainder when 431 is divided by 307.
124
Calculate the remainder when 56 is divided by 34.
22
What is the remainder when 333 is divided by 10?
3
Calculate the remainder when 942 is divided by 8.
6
What is the remainder when 104 is divided by 3?
2
What is the remainder when 552 is divided by 94?
82
Calculate the remainder when 661 is divided by 1.
0
What is the remainder when 4027 is divided by 1334?
25
Calculate the remainder when 51 is divided by 34.
17
What is the remainder when 143 is divided by 21?
17
What is the remainder when 111 is divided by 43?
25
Calculate the remainder when 257 is divided by 73.
38
Calculate the remainder when 1008 is divided by 78.
72
What is the remainder when 420 is divided by 76?
40
What is the remainder when 76 is divided by 28?
20
Calculate the remainder when 453 is divided by 175.
103
What is the remainder when 42762 is divided by 287?
286
Calculate the remainder when 1475 is divided by 282.
65
Calculate the remainder when 137 is divided by 36.
29
What is the remainder when 71 is divided by 33?
5
Calculate the remainder when 96 is divided by 25.
21
Calculate the remainder when 855 is divided by 11.
8
Calculate the remainder when 205 is divided by 81.
43
Calculate the remainder when 67 is divided by 10.
7
What is the remainder when 8181 is divided by 92?
85
What is the remainder when 1127 is divided by 67?
55
What is the remainder when 283 is divided by 72?
67
What is the remainder when 856 is divided by 13?
11
What is the remainder when 18331 is divided by 189?
187
Calculate the remainder when 720 is divided by 38.
36
What is the remainder when 1343 is divided by 64?
63
Calculate the remainder when 294 is divided by 59.
58
What is the remainder when 4368 is divided by 31?
28
What is the remainder when 388 is divided by 39?
37
Calculate the remainder when 257 is divided by 3.
2
What is the remainder when 50 is divided by 26?
24
Calculate the remainder when 178 is divided by 60.
58
Calculate the remainder when 3142 is divided by 11.
7
What is the remainder when 403 is divided by 380?
23
What is the remainder when 20252 is divided by 13?
11
What is the remainder when 44 is divided by 34?
10
Calculate the remainder when 773 is divided by 132.
113
What is the remainder when 81 is divided by 36?
9
What is the remainder when 3577 is divided by 100?
77
Calculate the remainder when 843 is divided by 122.
111
What is the remainder when 444 is divided by 145?
9
What is the remainder when 830 is divided by 52?
50
What is the remainder when 5564 is divided by 116?
112
Calculate the remainder when 1917 is divided by 11.
3
What is the remainder when 185 is divided by 36?
5
What is the remainder when 65 is divided by 7?
2
Calculate the remainder when 1061 is divided by 14.
11
What is the remainder when 614 is divided by 56?
54
Calculate the remainder when 2235 is divided by 43.
42
Calculate the remainder when 106 is divided by 24.
10
Calculate the remainder when 524 is divided by 18.
2
What is the remainder when 2794 is divided by 232?
10
Calculate the remainder when 415 is divided by 52.
51
Calculate the remainder when 47 is divided by 8.
7
Calculate the remainder when 3988 is divided by 57.
55
Calculate the remainder when 424 is divided by 108.
100
What is the remainder when 20 is divided by 11?
9
What is the remainder when 607 is divided by 122?
119
Calculate the remainder when 245 is divided by 4.
1
Calculate the remainder when 686 is divided by 163.
34
Calculate the remainder when 322 is divided by 31.
12
What is the remainder when 395 is divided by 22?
21
Calculate the remainder when 173 is divided by 46.
35
Calculate the remainder when 1696 is divided by 13.
6
What is the remainder when 129 is divided by 26?
25
What is the remainder when 143 is divided by 65?
13
What is the remainder when 64 is divided by 9?
1
Calculate the remainder when 174 is divided by 153.
21
Calculate the remainder when 6939 is divided by 39.
36
What is the remainder when 589 is divided by 204?
181
Calculate the remainder when 260 is divided by 146.
114
Calculate the remainder when 244 is divided by 56.
20
Calculate the remainder when 34 is divided by 6.
4
Calculate the remainder when 1259 is divided by 63.
62
Calculate the remainder when 294 is divided by 9.
6
What is the remainder when 16765 is divided by 101?
100
Calculate the remainder when 3030 is divided by 521.
425
Calculate the remainder when 524 is divided by 56.
20
Calculate the remainder when 4088 is divided by 89.
83
What is the remainder when 171 is divided by 68?
35
Calculate the remainder when 492 is divided by 31.
27
What is the remainder when 130 is divided by 4?
2
What is the remainder when 85 is divided by 34?
17
Calculate the remainder when 493 is divided by 138.
79
Calculate the remainder when 417 is divided by 321.
96
Calculate the remainder when 87 is divided by 21.
3
Calculate the remainder when 266 is divided by 67.
65
What is the remainder when 3119 is divided by 136?
127
What is the remainder when 4611 is divided by 65?
61
What is the remainder when 3793 is divided by 11?
9
Calculate the remainder when 3381 is divided by 147.
0
What is the remainder when 184 is divided by 32?
24
What is the remainder when 1047 is divided by 510?
27
What is the remainder when 4659 is divided by 581?
11
What is the remainder when 87 is divided by 9?
6
What is the remainder when 330 is divided by 7?
1
What is the remainder when 825 is divided by 165?
0
Calculate the remainder when 112 is divided by 6.
4
What is the remainder when 275 is divided by 159?
116
What is the remainder when 126 is divided by 24?
6
Calculate the remainder when 2086 is divided by 148.
14
What is the remainder when 18 is divided by 13?
5
What is the remainder when 229 is divided by 102?
25
What is the remainder when 113 is divided by 10?
3
Calculate the remainder when 215 is divided by 12.
11
What is the remainder when 112 is divided by 20?
12
Calculate the remainder when 8586 is divided by 21.
18
Calculate the remainder when 255 is divided by 134.
121
What is the remainder when 1722 is divided by 10?
2
Calculate the remainder when 185 is divided by 21.
17
Calculate the remainder when 3687 is divided by 25.
12
Calculate the remainder when 384 is divided by 55.
54
Calculate the remainder when 84 is divided by 26.
6
Calculate the remainder when 2945 is divided by 22.
19
What is the remainder when 580 is divided by 13?
8
What is the remainder when 4358 is divided by 109?
107
What is the remainder when 300 is divided by 21?
6
What is the remainder when 2333 is divided by 52?
45
Calculate the remainder when 21728 is divided by 12.
8
Calculate the remainder when 11444 is divided by 327.
326
Calculate the remainder when 89 is divided by 19.
13
Calculate the remainder when 4768 is divided by 24.
16
What is the remainder when 1845 is divided by 29?
18
Calculate the remainder when 97 is divided by 9.
7
What is the remainder when 426 is divided by 26?
10
Calculate the remainder when 1673 is divided by 9.
8
Calculate the remainder when 31 is divided by 31.
0
Calculate the remainder when 142 is divided by 19.
9
Calculate the remainder when 1358 is divided by 280.
238
Calculate the remainder when 510 is divided by 47.
40
Calculate the remainder when 686 is divided by 160.
46
What is the remainder when 1034 is divided by 185?
109
What is the remainder when 130 is divided by 87?
43
Calculate the remainder when 1267 is divided by 9.
7
Calculate the remainder when 1186 is divided by 85.
81
What is the remainder when 590 is divided by 300?
290
Calculate the remainder when 509 is divided by 103.
97
What is the remainder when 872 is divided by 